n 9851 is divided by 53.
46
What is the remainder when 49603 is divided by 284?
187
What is the remainder when 10608 is divided by 1866?
1278
Calculate the remainder when 420973 is divided by 819.
7
What is the remainder when 106492 is divided by 35492?
16
What is the remainder when 13041 is divided by 976?
353
What is the remainder when 1112 is divided by 970?
142
What is the remainder when 20701 is divided by 10348?
5
What is the remainder when 225985 is divided by 75315?
40
Calculate the remainder when 288266 is divided by 90.
86
What is the remainder when 1383 is divided by 107?
99
Calculate the remainder when 10232 is divided by 1550.
932
What is the remainder when 12244 is divided by 108?
40
What is the remainder when 11828 is divided by 518?
432
What is the remainder when 2251279 is divided by 12?
7
What is the remainder when 79420 is divided by 39685?
50
Calculate the remainder when 59160 is divided by 100.
60
What is the remainder when 435357 is divided by 857?
1
Calculate the remainder when 1510 is divided by 705.
100
Calculate the remainder when 356320 is divided by 118767.
19
What is the remainder when 9553 is divided by 9550?
3
What is the remainder when 5739 is divided by 799?
146
What is the remainder when 1152 is divided by 576?
0
What is the remainder when 25082 is divided by 448?
442
What is the remainder when 35313 is divided by 17608?
97
What is the remainder when 148897 is divided by 97?
2
What is the remainder when 126410 is divided by 790?
10
Calculate the remainder when 27197 is divided by 411.
71
What is the remainder when 23324 is divided by 388?
44
Calculate the remainder when 105057 is divided by 249.
228
Calculate the remainder when 17414 is divided by 1339.
7
Calculate the remainder when 21099 is divided by 16.
11
Calculate the remainder when 1029909 is divided by 6.
3
What is the remainder when 49045 is divided by 4458?
7
What is the remainder when 1697880 is divided by 142?
128
What is the remainder when 12833 is divided by 164?
41
What is the remainder when 1472 is divided by 12?
8
What is the remainder when 6787 is divided by 261?
1
Calculate the remainder when 2436 is divided by 777.
105
What is the remainder when 5443 is divided by 270?
43
What is the remainder when 36351 is divided by 1257?
1155
What is the remainder when 184042 is divided by 33?
1
What is the remainder when 12117 is divided by 929?
40
What is the remainder when 408 is divided by 263?
145
What is the remainder when 760 is divided by 17?
12
What is the remainder when 17127 is divided by 237?
63
What is the remainder when 57608 is divided by 34?
12
What is the remainder when 113033 is divided by 7?
4
Calculate the remainder when 352504 is divided by 58750.
4
What is the remainder when 3938 is divided by 314?
170
Calculate the remainder when 960 is divided by 25.
10
Calculate the remainder when 317354 is divided by 158670.
14
What is the remainder when 10225868 is divided by 151?
148
What is the remainder when 6001 is divided by 429?
424
What is the remainder when 28297 is divided by 1572?
1
Calculate the remainder when 99496 is divided by 99460.
36
Calculate the remainder when 8212 is divided by 65.
22
Calculate the remainder when 5120 is divided by 1701.
17
Calculate the remainder when 71539 is divided by 70.
69
Calculate the remainder when 48747 is divided by 3249.
12
Calculate the remainder when 2676 is divided by 317.
140
Calculate the remainder when 169667 is divided by 190.
187
What is the remainder when 78266 is divided by 200?
66
Calculate the remainder when 2510 is divided by 35.
25
Calculate the remainder when 23740 is divided by 194.
72
What is the remainder when 56473 is divided by 177?
10
Calculate the remainder when 274068 is divided by 3114.
36
Calculate the remainder when 20020 is divided by 58.
10
Calculate the remainder when 3976 is divided by 16.
8
What is the remainder when 18883 is divided by 13?
7
Calculate the remainder when 207827 is divided by 176.
147
Calculate the remainder when 910 is divided by 284.
58
What is the remainder when 19178 is divided by 9570?
38
What is the remainder when 105085 is divided by 459?
433
Calculate the remainder when 224683 is divided by 2707.
2
What is the remainder when 1946 is divided by 894?
158
Calculate the remainder when 150472 is divided by 1309.
1246
What is the remainder when 1227126 is divided by 204520?
6
What is the remainder when 770 is divided by 14?
0
What is the remainder when 1679519 is divided by 16?
15
Calculate the remainder when 11719 is divided by 2.
1
Calculate the remainder when 19998 is divided by 87.
75
Calculate the remainder when 164 is divided by 33.
32
Calculate the remainder when 263766 is divided by 891.
30
What is the remainder when 833 is divided by 49?
0
Calculate the remainder when 24549 is divided by 331.
55
Calculate the remainder when 5139 is divided by 123.
96
What is the remainder when 13998 is divided by 86?
66
Calculate the remainder when 269603 is divided by 223.
219
Calculate the remainder when 11632 is divided by 467.
424
Calculate the remainder when 4212 is divided by 224.
180
What is the remainder when 409011 is divided by 93?
90
Calculate the remainder when 101123 is divided by 264.
11
Calculate the remainder when 315713 is divided by 271.
269
What is the remainder when 13962 is divided by 179?
0
Calculate the remainder when 1653 is divided by 471.
240
Calculate the remainder when 9485 is divided by 1842.
275
What is the remainder when 44774 is divided by 225?
224
Calculate the remainder when 11385 is divided by 32.
25
What is the remainder when 6415 is divided by 1254?
145
What is the remainder when 217197 is divided by 72392?
21
Calculate the remainder when 48575 is divided by 50.
25
What is the remainder when 16954 is divided by 138?
118
What is the remainder when 81723 is divided by 1486?
1479
What is the remainder when 246536 is divided by 397?
396
Calculate the remainder when 117153 is divided by 16736.
1
Calculate the remainder when 19830 is divided by 328.
150
What is the remainder when 2847 is divided by 919?
90
Calculate the remainder when 98836 is divided by 142.
4
What is the remainder when 2524 is divided by 135?
94
Calculate the remainder when 13761 is divided by 411.
198
Calculate the remainder when 72406 is divided by 360.
46
Calculate the remainder when 10329 is divided by 3244.
597
Calculate the remainder when 1310 is divided by 161.
22
Calculate the remainder when 45521 is divided by 15169.
14
What is the remainder when 13539 is divided by 154?
141
What is the remainder when 13414 is divided by 292?
274
Calculate the remainder when 481198 is divided by 401.
399
What is the remainder when 2333 is divided by 872?
589
What is the remainder when 178640 is divided by 358?
356
What is the remainder when 310 is divided by 101?
7
What is the remainder when 1199 is divided by 306?
281
Calculate the remainder when 1885487 is divided by 6.
5
Calculate the remainder when 8440 is divided by 2103.
28
Calculate the remainder when 3834 is divided by 646.
604
Calculate the remainder when 39645 is divided by 2837.
2764
Calculate the remainder when 35496 is divided by 21.
6
What is the remainder when 31348 is divided by 508?
360
Calculate the remainder when 1028 is divided by 29.
13
What is the remainder when 14066 is divided by 210?
206
Calculate the remainder when 36815 is divided by 297.
284
What is the remainder when 219097 is divided by 159?
154
What is the remainder when 13292 is divided by 82?
8
What is the remainder when 439 is divided by 65?
49
Calculate the remainder when 295211 is divided by 99.
92
What is the remainder when 177624 is divided by 28?
20
What is the remainder when 99719 is divided by 208?
87
What is the remainder when 2912 is divided by 20?
12
What is the remainder when 23164 is divided by 33?
31
What is the remainder when 921 is divided by 133?
123
Calculate the remainder when 8055 is divided by 881.
126
Calculate the remainder when 5958 is divided by 10.
8
Calculate the remainder when 1819209 is divided by 404.
401
What is the remainder when 33690 is divided by 162?
156
What is the remainder when 74375 is divided by 14872?
15
What is the remainder when 12904 is divided by 1820?
164
What is the remainder when